 8, what is -465 - -206?
-257
In base 10, what is 6827 - 15?
6812
In base 4, what is 21 + -12100201?
-12100120
In base 5, what is 214 - -41041?
41310
In base 6, what is -4351 + -5315?
-14110
In base 16, what is 3 - 3e16?
-3e13
In base 12, what is 6448 - 35?
6413
In base 10, what is 2990 + -52?
2938
In base 12, what is -5 + -578a7?
-578b0
In base 2, what is 101000010011110110 - -10?
101000010011111000
In base 10, what is 329 - -213?
542
In base 15, what is 8697 + c?
86a4
In base 15, what is 17 + -1dded?
-1ddd6
In base 9, what is -48510 - 25?
-48535
In base 5, what is 112332432 + 0?
112332432
In base 4, what is -31 + -2221013?
-2221110
In base 4, what is 3 + -11222032?
-11222023
In base 11, what is 504889 - 1?
504888
In base 9, what is 6 - 163072?
-163065
In base 3, what is -202110121022 + 0?
-202110121022
In base 13, what is 1860 + 4?
1864
In base 5, what is 104 + 2124?
2233
In base 10, what is 3 + -240903?
-240900
In base 7, what is -440 - -1022?
252
In base 9, what is 323 - 322?
1
In base 3, what is 21021 - 11120?
2201
In base 3, what is 2012001 - 100001?
1212000
In base 5, what is -1 + -1442432?
-1442433
In base 13, what is -c9 + -a46a?
-a566
In base 9, what is 4 + 37266?
37271
In base 8, what is 437 + -750?
-311
In base 4, what is -320 - -13320?
13000
In base 10, what is -2 + 489487?
489485
In base 3, what is -10 + -11002212010?
-11002212020
In base 11, what is 92889 + 10?
92899
In base 16, what is -4c28 + -3?
-4c2b
In base 10, what is -2 + -12573?
-12575
In base 16, what is -4df5 + 2?
-4df3
In base 4, what is -10 + 2202330330?
2202330320
In base 8, what is 1637 - -2?
1641
In base 8, what is 0 - 20700?
-20700
In base 13, what is -87 + -3709?
-3793
In base 14, what is -988 + -29?
-9b3
In base 14, what is 32b69 + -5?
32b64
In base 11, what is -8a5 - a4?
-999
In base 3, what is 100 + 110120102?
110120202
In base 3, what is 102002 - -10001200?
10110202
In base 10, what is -928 + -1773?
-2701
In base 8, what is 57701 - -1?
57702
In base 12, what is 8 + a8aa?
a8b6
In base 7, what is 5 + -2536654?
-2536646
In base 5, what is 2443240 - -1?
2443241
In base 11, what is 422 - -2864?
3186
In base 14, what is 3 - 1388?
-1385
In base 2, what is -111101100011111000 + -11?
-111101100011111011
In base 13, what is -10 - -c3?
b3
In base 11, what is 1 - 17090?
-1708a
In base 5, what is 3111304 + 10?
3111314
In base 5, what is -2 + -11300324?
-11300331
In base 14, what is -2dd93 - 12?
-2dda5
In base 8, what is -1307 + -1633?
-3142
In base 2, what is -111000 - -1101110100?
1100111100
In base 11, what is -872 - 5a?
-921
In base 13, what is -23830 - 7?
-23837
In base 2, what is 11 + 1110101111111?
1110110000010
In base 8, what is 5 - 34150?
-34143
In base 16, what is 571 + 41f?
990
In base 4, what is -2113230023 + 11?
-2113230012
In base 11, what is -5 + -491a09?
-491a13
In base 8, what is -1 - -17417?
17416
In base 7, what is 0 - -6433245?
6433245
In base 13, what is 85ca + -3?
85c7
In base 14, what is -1 + -803?
-804
In base 4, what is 302 - -2333323?
3000231
In base 8, what is 2 - -1075546?
1075550
In base 12, what is 4 + -93969?
-93965
In base 4, what is -10 + 11001203332?
11001203322
In base 6, what is 10 - 41200?
-41150
In base 5, what is -2021133 + 0?
-2021133
In base 6, what is -22 + 32233?
32211
In base 13, what is -5 - -1c7?
1c2
In base 15, what is 9ead + e?
9ebc
In base 15, what is 1d4 + -72?
162
In base 16, what is 1e48 - 1b8?
1c90
In base 8, what is 1157 + -77?
1060
In base 14, what is -4 - -4aa?
4a6
In base 4, what is -1021 - 22121322?
-22123003
In base 7, what is -143 + 66455?
66312
In base 10, what is 17 - -48359?
48376
In base 14, what is -9a428 - 13?
-9a43b
In base 3, what is 20220120 + 12111?
21010001
In base 10, what is -46911 + 5?
-46906
In base 14, what is 7b16 + 16?
7b2c
In base 5, what is 24 + 1041?
1120
In base 11, what is -52 + -3729?
-3780
In base 9, what is 6480 - -4?
6484
In base 6, what is 11412 - 1000?
10412
In base 15, what is 241d + 9?
2427
In base 8, what is 3 - 24202?
-24177
In base 12, what is 1301687 + 5?
1301690
In base 10, what is 4 - 5600?
-5596
In base 12, what is -2 + -4baa2?
-4baa4
In base 14, what is 2d0 + -1d?
2b1
In base 5, what is 3 - 141040213?
-141040210
In base 4, what is -111100230 - 130?
-111101020
In base 2, what is -10 - 111001111011?
-111001111101
In base 16, what is -1 - 79672?
-79673
In base 3, what is -1 + -110111102110?
-110111102111
In base 16, what is -27c + -38?
-2b4
In base 16, what is 299aa - 2?
299a8
In base 2, what is 11 + 101001111001000110011?
101001111001000110110
In base 3, what is 120000 + 2221022?
10111022
In base 2, what is -1011110000 - 101011001?
-10001001001
In base 14, what is 4 - -292c?
2932
In base 5, what is -244 - -23340?
23041
In base 15, what is 7b - -57c2?
584d
In base 16, what is -5 + -6add?
-6ae2
In base 9, what is 516504 + 1?
516505
In base 13, what is -17b2c + 4?
-17b28
In base 2, what is -1010111010 + -100111010?
-1111110100
In base 14, what is b91 - -4?
b95
In base 16, what is -5 + 20e62?
20e5d
In base 8, what is -722 - 25450?
-26372
In base 9, what is -3 - 10787?
-10801
In base 16, what is 0 + -3983?
-3983
In base 12, what is -122 + 45?
-99
In base 5, what is -1 + 12240204?
12240203
In base 16, what is 2ca + -2fa?
-30
In base 11, what is -18 - -45a74?
45a57
In base 13, what is 114242 - -1?
114243
In base 11, what is -9 - -1856?
1848
In base 5, what is 12223 + 12131?
24404
In base 4, what is -13323 + -2001?
-21330
In base 5, what is 43 + -10122422?
-10122324
In base 8, what is -23 - 2176?
-2221
In base 6, what is 1122351 + 3?
1122354
In base 13, what is c + -4741?
-4732
In base 12, what is -5 + 21a82?
21a79
In base 14, what is 11d + -7?
116
In base 9, what is 2347 + -240?
2107
In base 13, what is 114a0 - -c?
114ac
In base 5, what is -3234 - 22?
-3311
In base 13, what is -87a - 1ac?
-a59
In base 2, what is -1001111111001 + -1101?
-1010000000110
In base 2, what is 11110110000 - -1000011110?
100111001110
In base 8, what is -33335 + 173?
-33142
In base 16, what is -5 + c786?
c781
In base 15, what is -38427 - -10?
-38417
In base 16, what is 31a - 2c6?
54
In base 15, what is -51a2 + d3?
-50be
In base 14, what is 27cd + 5?
27d4
In base 9, what is 257072 + 5?
257077
In base 2, what is 0 + 1010111011011011101?
1010111011011011101
In base 3, what is 200101221 - -20?
200102011
In base 7, what is 2566101 + 5?
2566106
In base 6, what is -4341 + -35?
-4420
In base 4, what is 2230 - -10?
2300
In base 3, what is -1222 - 111120111?
-111122110
In base 7, what is 133202 + 5?
133210
In base 15, what is 119b + -a?
1191
In base 16, what is 187c - -161?
19dd
In base 2, what is 0 - 110100100000?
-110100100000
In base 15, what is 1 - 550e2?
-550e1
In base 10, what is 3830 + 18?
3848
In base 13, what is -47 - 6ac5?
-6b3c
In base 7, what is -1363151 - 5?
-1363156
In base 5, what is -10 + 113103141?
113103131
In base 11, what is -140 - -1a6?
66
In base 9, what is -11 - 1864?
-1875
In base 5, what is 230 + 122100?
122330
In base 5, what is 2110 + 1?
2111
In base 11, what is -3 + -9334?
-9337
In base 2, what is -101011101000010 - 101001?
-101011101101011
In base 15, what is d5 + -32?
a3
In base 15, what is 9 + -709?
-700
In base 4, what is -102 + 3111301?
3111133
In base 5, what is -43143301 - 1?
-43143302
In base 12, what is 2561a9 + 3?
2561b0
In base 9, what is 718 + 18?
737
In base 15, what is e59 + -d?
e4b
In base 6, what is 1 + -130433?
-130432
In base 8, what is -212054 + -1?
-212055
In base 4, what is 11 - 22020330?
-22020313
In base 3, what is -111001220102 - 10?
-111001220112
In base 7, what is -126303 + 30?
-126243
In base 13, what is 1 + 1493b?
1493c
In base 4, what is 111010320 + -31?
111010223
In base 8, what is 3335 + -23?
3312
In base 9, what is -5284 + -33?
-5327
In base 2, what is 110 - 101011110100?
-101011101110
In base 9, what is -10 - 57458?
-57468
In base 12, what is 5b + 543?
5a2
In base 2, what is -1011 - 11100110001?
-11100111100
In base 9, what is -171218 + 28?
-171180
In base 8, what is -7523 + 7?
-7514
In base 8, what is 1107 - 6370?
-5261
In base 14, what is 2 - -48c8?
48ca
In base 9, what is -5 + -4465?
-4471
In base 2, what is 1010100 + -1101010100?
-1100000000
In base 2, what is 1101 + 11001110011001?
11001110100110
In base 13, what is -4 - 3bb46?
-3bb4a
In base 3, wha